{"id":520,"date":"2015-05-08T14:55:34","date_gmt":"2015-05-08T12:55:34","guid":{"rendered":"http:\/\/www.hagelkreuzschule.de\/?page_id=520"},"modified":"2015-05-08T14:55:34","modified_gmt":"2015-05-08T12:55:34","slug":"unterricht","status":"publish","type":"page","link":"http:\/\/web4966.greatnet-hosting.de\/hks\/unterricht\/","title":{"rendered":"Unterricht"},"content":{"rendered":"<p>Als Bekenntnisschule werden an unserer Schule die Grunds\u00e4tze des christlichen Glaubens in Unterricht und Erziehung sowie bei der Gestaltung des Schullebens ber\u00fccksichtigt (siehe Erziehungskonzept).<\/p>\n<p>Im Sinne des erziehenden Unterrichts werden den Kindern grundlegende Kenntnisse und Fertigkeiten in allen F\u00e4chern vermittelt. Daher ist die Schule bestrebt, die kindliche Neugier aufzunehmen und f\u00fcr selbst\u00e4ndiges Beobachten, Ausprobieren und Entdecken Raum zu geben. So ist unsere unterrichtliche Arbeit nicht lediglich auf mechanisches Ein\u00fcben und Einpr\u00e4gen beschr\u00e4nkt. Um einen kind-, sach- und leistungsorientierten Unterricht zu gestalten, sind vielf\u00e4ltige Arbeitsformen m\u00f6glich: Einzelarbeit, Partnerarbeit, Gruppenarbeit, Frontalunterricht, Wochenplan, Freie Arbeit, Projekte und Projekttage.<\/p>\n<p>Um den Kindern Orientierungshilfen im Schulalltag zu geben sind Rituale unerl\u00e4sslich. Sie tragen dazu bei, Schule als sicheren und geborgenen Lebensraum erfahrbar zu machen. Dazu z\u00e4hlen unter anderem: gemeinsamer Anfang (Morgenlied, Morgenkreis, Morgengebet), gemeinsame Fr\u00fchst\u00fcckspause, gemeinsames Klassenfr\u00fchst\u00fcck, Klassendienste, Wochenbeginn- und abschlusskreis.<\/p>\n<p><strong>Unterrichtsinhalte\/Lernziele<\/strong><br \/>\nDie Unterrichtsinhalte orientieren sich an den Richtlinien und Lehrpl\u00e4nen f\u00fcr die Grundschule des Landes NRW von 1985. Besondere Bedeutung kommt Themen zu, die f\u00fcr die Sicherheit und die Entwicklung des Kindes wichtig sind:<br \/>\n&#8211; richtiges Verhalten der Kinder im Stra\u00dfenverkehr (Radfahrtraining) und an Bushaltestellen<br \/>\n&#8211; Geundheitserziehung (z.B. Zahnarztbesuch)<br \/>\n&#8211; Umgang mit neuen Medien (Computer, TV)<\/p>\n<p><strong>Anfangsunterricht<\/strong><br \/>\nIm Anfangsunterricht ist die Ber\u00fccksichtigung der Individuallage der Kinder von besonderer Bedeutung und notwendige Bedingung f\u00fcr erfolgreiches Lernen. Dabei haben an unserer Schule folgende Aspekte besondere Bedeutung:<br \/>\n&#8211; handelnder Umgang mit veranschaulichendem Material<br \/>\n&#8211; h\u00e4ufig wechselnde Arbeitsphasen bez\u00fcglich Methode und Inhalt<br \/>\n&#8211; f\u00e4cher\u00fcbergreifender Gesamtunterricht<\/p>\n<p><strong>Lehr- und Lernmittel<\/strong><br \/>\nEinsatz von Lehrb\u00fcchern nach Vorschl\u00e4gen der Lehrer- bzw. Schulkonferenz<br \/>\n&#8211; Lernspiele<br \/>\n&#8211; Computerprogramme<br \/>\n&#8211; Anschauungsmaterialien, besonders f\u00fcr Sachunterricht und Mathematik (z.B. Karten, Zahlenstreifen usw.)<\/p>\n<p><strong>Notengebung und Leistungsbewertung<\/strong><br \/>\nUnsere Schule ist bestrebt, bei allen Kindern die Bereitschaft und die F\u00e4higkeit zu entwickeln, Leistungen zu erbringen. Jedes Kind sollte m\u00f6glichst erfahren, dass es etwas leisten kann, um so Selbstvertrauen als Basis f\u00fcr neue Leistungen aufzubauen.<\/p>\n<p>Grundlagen f\u00fcr die Leistungsbewertung sind die Lehrpl\u00e4ne und Richtlinien f\u00fcr die Grundschule in NRW (1985) und die vorliegenden Konzepte hinsichtlich der Mindestanforderungen und erweiterten Anforderungen f\u00fcr die Lernbereiche Sprache, Mathematik und Sachunterricht.<\/p>\n<p>Individuelle Leistungen, die besonders in den F\u00e4chern Kunst, Musik und Sport durch engagierte Mitarbeit einzelner Sch\u00fclerInnen erkennbar sind, wie auch normorientierte Leistungen werden erfasst und gew\u00fcrdigt.<br \/>\nUnser Ziel ist es, die Kinder grunds\u00e4tzlich dazu anzuhalten, Aufgaben beharrlich zu Ende zu f\u00fchren, auch wenn dies gro\u00dfe Anstrengungen erfordern sollte. Dabei beachten wir, dass nicht alle Kinder stets vergleichbare Leistungen erbringen k\u00f6nnen. Daraus resultiert die Forderung nach innerer und \u00e4u\u00dferer Differenzierung:<br \/>\n&#8211; \u00c4u\u00dfere Differenzierung: R\u00e4umliche Trennung der Lerngruppen, damit verbunden die Differenzierung der Inhalte (siehe Punkt F\u00f6rderunterricht).<br \/>\n&#8211; Innere Differenzierung: Gemeinsames Lernen in einem Klassenraum, jedoch auf unterschiedlichem Niveau.<\/p>\n<p><strong>F\u00f6rderunterricht<\/strong><br \/>\nEntsprechend den M\u00f6glichkeiten des zur Verf\u00fcgung stehenden Stundenpotentials werden sowohl leistungsschwache als auch begabtere Kinder gef\u00f6rdert. Eine zus\u00e4tzliche F\u00f6rderung von Ausl\u00e4nderkindern mit erheblichen Sprachdefiziten erfolgt nach Bedarf.<\/p>\n<p>Unter <strong>Leistung <\/strong> verstehen wir:<br \/>\n<strong>Allgemein<\/strong><br \/>\n&#8211; die Bereitschaft, sich anzustrengen, um ein bestimmtes Ziel zu erreichen<br \/>\n&#8211; Gelerntes auf neue Aufgabenstellungen anzuwenden<br \/>\n&#8211; die eigenen F\u00e4higkeiten einzusch\u00e4tzen und auszusch\u00f6pfen<br \/>\n&#8211; Ergebnisse selbstkritisch zu \u00fcberdenken, zu kontrollieren,zu verbessern<\/p>\n<p><strong>Sozial<\/strong><br \/>\n&#8211; andere Meinungen und Vorschl\u00e4ge in seine \u00dcberlegungen einzubeziehen<br \/>\n&#8211; Regeln einer Gemeinschaft anzuerkennen und anzuwenden<br \/>\n&#8211; andere in ihrer Pers\u00f6nlichkeit zu respektieren und gelten zu lassen<br \/>\n&#8211; mit anderen zielorientiert zusammenzuarbeiten und sich gegenseitig zu helfen<\/p>\n<p><strong>Leistungsbewertung<\/strong><br \/>\nIn Klasse 1 und 2 erfolgt eine Leistungsbewertung durch ein Gutachten, in dem die Kinder an ihren individuellen Lernm\u00f6glichkeiten gemessen werden und f\u00fcr ihre pers\u00f6nlichen Lernfortschritte Best\u00e4tigung erfahren. Sie sollen Leistungszuversicht und Selbstvertrauen gewinnen, wodurch sie letztlich leistungsf\u00e4hig werden. Daher entf\u00e4llt in diesen Zeugnissen die Bewertung durch Noten.<\/p>\n<p>In den Klassen 3 und 4 tritt die Leistungsbewertung durch ein Textgutachten zunehmend zur\u00fcck und entf\u00e4llt schlie\u00dflich in Klasse 4 zugunsten eines nun reinen Notenzeugnisses ganz. Damit werden die Leistungen der Kinder zunehmend vergleichbarer und dienen neben der Schulformempfehlung so auch als wichtiges Kriterium f\u00fcr den \u00dcbergang zu weiterf\u00fchrenden Schulen.<br \/>\nBewertung schriftlicher Leistungen durch:<br \/>\n&#8211; Lernzielkontrollen<br \/>\n&#8211; Klassenarbeiten<br \/>\n&#8211; W\u00fcrdigung der Hausaufgaben<br \/>\n&#8211; Arbeitsbl\u00e4tter<\/p>\n<p>In die Bewertung flie\u00dfen ein:<br \/>\n&#8211; \u00e4u\u00dfere Form<br \/>\n&#8211; Vollst\u00e4ndigkeit<br \/>\n&#8211; Einhaltung eines vorgegebenen zeitlichen Rahmens<br \/>\n&#8211; Flei\u00df, Ausdauer und die F\u00e4higkeit zur Selbstkontrolle<br \/>\n&#8211; Einbringung von eigenen Vorstellungen und Ideen<\/p>\n<p>Bewertung m\u00fcndlicher Leistungen durch:<br \/>\n&#8211; Mitarbeit<br \/>\n&#8211; Unterst\u00fctzung des Unterrichts durch eigenes Engagement wie z.B. Mitbringen von Materialien<\/p>\n<p><strong>Schriftliche Arbeiten<\/strong><br \/>\nIn den Klassen 1 und 2 werden in den Lernbereichen Sprache und Mathematik nach einer Lerneinheit schriftliche Lernkontrollen durchgef\u00fchrt. Der Schreiblehrgang beginnt mit Druckschrift und wird in lateinischer Ausgangsschrift fortgef\u00fchrt.<\/p>\n<p>In den Klassen 3 und 4 werden wie schon in den Jahrg\u00e4ngen zuvor im Anschluss an eine Lerneinheit Klassenarbeiten bzw. Lernzielkontrollen durchgef\u00fchrt (s.o.). Dies sind:<br \/>\n&#8211; Diktate<br \/>\n&#8211; Mathematikarbeiten<br \/>\n&#8211; Aufs\u00e4tze (Ber\u00fccksichtigung unterschiedlicher Textformen wie Bildergeschichten, Erlebniserz\u00e4hlungen, Phantasieerz\u00e4hlungen, kurze Berichte, Beschreibungen und frei verfasste Texte)<br \/>\n&#8211; Lernzielkontrollen in den F\u00e4chern Musik, Sachunterricht und Religion<\/p>\n<p><strong>Au\u00dferschulische Lernorte<\/strong><br \/>\nWie eingangs erw\u00e4hnt, findet unsere unterrichtliche Arbeit auch an au\u00dferschulischen Lernorten statt:<\/p>\n<ul>\n<li>Museen<\/li>\n<li>Zoo<\/li>\n<li>APX<\/li>\n<li>historische Altstadt<\/li>\n<li>st\u00e4dtische Einrichtungen (Rathaus, B\u00fccherei, Feuerwehr, Polizei,Kl\u00e4rwerk, Wasserwerk)<\/li>\n<li>Theater<\/li>\n<li>Handwerksbetriebe<\/li>\n<li>Bauernhof<\/li>\n<\/ul>\n<p><strong>Fachleute im Unterricht<\/strong><br \/>\nDiese helfen uns regelm\u00e4\u00dfig, unsere Schule weiter zu \u00f6ffnen und den Unterricht insgesamt noch praxisorientierter zu planen und zu gestalten:<\/p>\n<ul>\n<li>Polizei<\/li>\n<li>Zahnarzt<\/li>\n<li>Handwerker<\/li>\n<li>Eltern und Gro\u00dfeltern berichten \u00fcber spezielle Themen (z.B. Schule fr\u00fcher &#8211; heute)<\/li>\n<li>Feuerwehr<\/li>\n<li>Abfallentsorgung<\/li>\n<\/ul>\n","protected":false},"excerpt":{"rendered":"<p>Als Bekenntnisschule werden an unserer Schule die Grunds\u00e4tze des christlichen Glaubens in Unterricht und Erziehung sowie bei der Gestaltung des Schullebens ber\u00fccksichtigt (siehe Erziehungskonzept). Im Sinne des erziehenden Unterrichts werden den Kindern grundlegende Kenntnisse und Fertigkeiten in allen F\u00e4chern vermittelt. Daher ist die Schule bestrebt, die kindliche Neugier aufzunehmen und f\u00fcr selbst\u00e4ndiges Beobachten, Ausprobieren und &hellip; <a href=\"http:\/\/web4966.greatnet-hosting.de\/hks\/unterricht\/\" class=\"more-link\"><span class=\"screen-reader-text\">Unterricht<\/span> weiterlesen <span class=\"meta-nav\">&rarr;<\/span><\/a><\/p>\n","protected":false},"author":1,"featured_media":0,"parent":0,"menu_order":0,"comment_status":"closed","ping_status":"closed","template":"","meta":[],"_links":{"self":[{"href":"http:\/\/web4966.greatnet-hosting.de\/hks\/wp-json\/wp\/v2\/pages\/520"}],"collection":[{"href":"http:\/\/web4966.greatnet-hosting.de\/hks\/wp-json\/wp\/v2\/pages"}],"about":[{"href":"http:\/\/web4966.greatnet-hosting.de\/hks\/wp-json\/wp\/v2\/types\/page"}],"author":[{"embeddable":true,"href":"http:\/\/web4966.greatnet-hosting.de\/hks\/wp-json\/wp\/v2\/users\/1"}],"replies":[{"embeddable":true,"href":"http:\/\/web4966.greatnet-hosting.de\/hks\/wp-json\/wp\/v2\/comments?post=520"}],"version-history":[{"count":0,"href":"http:\/\/web4966.greatnet-hosting.de\/hks\/wp-json\/wp\/v2\/pages\/520\/revisions"}],"wp:attachment":[{"href":"http:\/\/web4966.greatnet-hosting.de\/hks\/wp-json\/wp\/v2\/media?parent=520"}],"curies":[{"name":"wp","href":"https:\/\/api.w.org\/{rel}","templated":true}]}}