{"id":78,"date":"2015-04-16T13:11:04","date_gmt":"2015-04-16T11:11:04","guid":{"rendered":"http:\/\/www.hagelkreuzschule.de\/?page_id=78"},"modified":"2024-02-22T18:44:47","modified_gmt":"2024-02-22T17:44:47","slug":"arbeitsgemeinschaften","status":"publish","type":"page","link":"http:\/\/web4966.greatnet-hosting.de\/hks\/arbeitsgemeinschaften\/","title":{"rendered":"Eltern-AGs"},"content":{"rendered":"<h2>Arbeitsgemeinschaften im Schuljahr 2023\/24<\/h2>\n<p><strong>In diesem Schuljahr k\u00f6nnen wir einigen Dritt-\/Viert-Kl\u00e4sslern ein abwechslungsreiches AG-Angebot bieten. Engagierte Eltern bieten den Kindern ein interessantes Angebot \u00fcber den Schulalltag hinaus an. Die AGs finden am freitags in den 5. und 6. Stunden, manche einst\u00fcndig, andere doppelst\u00fcndig statt<\/strong><\/p>\n<h2>Die 5 AGs im einzelnen<\/h2>\n<h3><code>Experimente:<\/code> \u00a0 Frau Dehn<\/h3>\n<h3><code>Fahnenschwenken:<\/code> \u00a0 Frau Bovie<\/h3>\n<h3><code>Malerei:<\/code> \u00a0\u00a0 Frau Schierholt<\/h3>\n<h3><code>Natur-Ranger:<\/code> \u00a0 Herr Heien<\/h3>\n<h3><code>Orchester:<\/code> \u00a0 Herr Schmidtke und Frau Haefner<\/h3>\n<h6><code><\/code><\/h6>\n<p>&nbsp;<\/p>\n","protected":false},"excerpt":{"rendered":"<p>Arbeitsgemeinschaften im Schuljahr 2023\/24 In diesem Schuljahr k\u00f6nnen wir einigen Dritt-\/Viert-Kl\u00e4sslern ein abwechslungsreiches AG-Angebot bieten. Engagierte Eltern bieten den Kindern ein interessantes Angebot \u00fcber den Schulalltag hinaus an. Die AGs finden am freitags in den 5. und 6. Stunden, manche einst\u00fcndig, andere doppelst\u00fcndig statt Die 5 AGs im einzelnen Experimente: \u00a0 Frau Dehn Fahnenschwenken: \u00a0 &hellip; <a href=\"http:\/\/web4966.greatnet-hosting.de\/hks\/arbeitsgemeinschaften\/\" class=\"more-link\"><span class=\"screen-reader-text\">Eltern-AGs<\/span> weiterlesen <span class=\"meta-nav\">&rarr;<\/span><\/a><\/p>\n","protected":false},"author":1,"featured_media":0,"parent":0,"menu_order":0,"comment_status":"closed","ping_status":"closed","template":"","meta":[],"_links":{"self":[{"href":"http:\/\/web4966.greatnet-hosting.de\/hks\/wp-json\/wp\/v2\/pages\/78"}],"collection":[{"href":"http:\/\/web4966.greatnet-hosting.de\/hks\/wp-json\/wp\/v2\/pages"}],"about":[{"href":"http:\/\/web4966.greatnet-hosting.de\/hks\/wp-json\/wp\/v2\/types\/page"}],"author":[{"embeddable":true,"href":"http:\/\/web4966.greatnet-hosting.de\/hks\/wp-json\/wp\/v2\/users\/1"}],"replies":[{"embeddable":true,"href":"http:\/\/web4966.greatnet-hosting.de\/hks\/wp-json\/wp\/v2\/comments?post=78"}],"version-history":[{"count":44,"href":"http:\/\/web4966.greatnet-hosting.de\/hks\/wp-json\/wp\/v2\/pages\/78\/revisions"}],"predecessor-version":[{"id":16930,"href":"http:\/\/web4966.greatnet-hosting.de\/hks\/wp-json\/wp\/v2\/pages\/78\/revisions\/16930"}],"wp:attachment":[{"href":"http:\/\/web4966.greatnet-hosting.de\/hks\/wp-json\/wp\/v2\/media?parent=78"}],"curies":[{"name":"wp","href":"https:\/\/api.w.org\/{rel}","templated":true}]}}